{"id":12352,"date":"2019-07-14T19:52:25","date_gmt":"2019-07-14T17:52:25","guid":{"rendered":"http:\/\/mgtiroda.hu\/?page_id=12352"},"modified":"2026-03-26T12:53:27","modified_gmt":"2026-03-26T11:53:27","slug":"rolf-madaus-alapitvany-dij","status":"publish","type":"page","link":"https:\/\/mgtiroda.hu\/en\/palyazatok\/rolf-madaus-alapitvany-dij\/","title":{"rendered":"Rolf Madaus Alap\u00edtv\u00e1ny d\u00edj"},"content":{"rendered":"<div class=\"fusion-fullwidth fullwidth-box fusion-builder-row-1 nonhundred-percent-fullwidth non-hundred-percent-height-scrolling\" style=\"--awb-border-radius-top-left:0px;--awb-border-radius-top-right:0px;--awb-border-radius-bottom-right:0px;--awb-border-radius-bottom-left:0px;--awb-flex-wrap:wrap;\" ><div class=\"fusion-builder-row fusion-row\"><div class=\"fusion-layout-column fusion_builder_column fusion-builder-column-0 fusion_builder_column_1_1 1_1 fusion-one-full fusion-column-first fusion-column-last\" style=\"--awb-bg-size:cover;--awb-margin-bottom:0px;\"><div class=\"fusion-column-wrapper fusion-flex-column-wrapper-legacy\"><div class=\"fusion-text fusion-text-1\" style=\"--awb-text-transform:none;\"><p><strong>Rolf Madaus Alap\u00edtv\u00e1ny d\u00edj<\/strong><\/p>\n<p>Rolf Madaus \u00e1ltal alap\u00edtott d\u00edjat az a p\u00e1ly\u00e1z\u00f3 kapja meg, aki az elm\u00falt \u00e9vben a B\u00edr\u00e1l\u00f3 Bizotts\u00e1g d\u00f6nt\u00e9se alapj\u00e1n a<strong>\u00a0LEGJOBB NEM MAGYAR NYELV\u0170<\/strong>, a Magyar Gasztroenterol\u00f3giai T\u00e1rsas\u00e1g kutat\u00e1si tev\u00e9kenys\u00e9g\u00e9vel kapcsolatos t\u00e9m\u00e1j\u00fa k\u00f6zlem\u00e9nyt publik\u00e1lta.<br \/>\n2025-ben megjelent dolgozatokkal lehet p\u00e1ly\u00e1zni.<br \/>\nA p\u00e1ly\u00e1zatokat (a megjelent k\u00f6zlem\u00e9nyt) <strong>2026. \u00e1prilis 4.-ig<\/strong>\u00a0lehet a k\u00f6vetkez\u0151 c\u00edmre eljuttatni:\u00a0<span id=\"cloak2c880cddee22120fb6d59dae35c4981c\">gastroent@gmail.com<\/span><\/p>\n<\/div><div class=\"fusion-clearfix\"><\/div><\/div><\/div><\/div><\/div>","protected":false},"excerpt":{"rendered":"","protected":false},"author":1,"featured_media":0,"parent":12345,"menu_order":0,"comment_status":"closed","ping_status":"closed","template":"","meta":{"footnotes":""},"class_list":["post-12352","page","type-page","status-publish","hentry"],"_links":{"self":[{"href":"https:\/\/mgtiroda.hu\/en\/wp-json\/wp\/v2\/pages\/12352","targetHints":{"allow":["GET"]}}],"collection":[{"href":"https:\/\/mgtiroda.hu\/en\/wp-json\/wp\/v2\/pages"}],"about":[{"href":"https:\/\/mgtiroda.hu\/en\/wp-json\/wp\/v2\/types\/page"}],"author":[{"embeddable":true,"href":"https:\/\/mgtiroda.hu\/en\/wp-json\/wp\/v2\/users\/1"}],"replies":[{"embeddable":true,"href":"https:\/\/mgtiroda.hu\/en\/wp-json\/wp\/v2\/comments?post=12352"}],"version-history":[{"count":3,"href":"https:\/\/mgtiroda.hu\/en\/wp-json\/wp\/v2\/pages\/12352\/revisions"}],"predecessor-version":[{"id":13196,"href":"https:\/\/mgtiroda.hu\/en\/wp-json\/wp\/v2\/pages\/12352\/revisions\/13196"}],"up":[{"embeddable":true,"href":"https:\/\/mgtiroda.hu\/en\/wp-json\/wp\/v2\/pages\/12345"}],"wp:attachment":[{"href":"https:\/\/mgtiroda.hu\/en\/wp-json\/wp\/v2\/media?parent=12352"}],"curies":[{"name":"wp","href":"https:\/\/api.w.org\/{rel}","templated":true}]}}

Rolf Madaus Alapítvány díj

<div class="fusion-fullwidth fullwidth-box fusion-builder-row-1 nonhundred-percent-fullwidth non-hundred-percent-height-scrolling" style="--awb-border-radius-top-left:0px;--awb-border-radius-top-right:0px;--awb-border-radius-bottom-right:0px;--awb-border-radius-bottom-left:0px;--awb-flex-wrap:wrap;" ><div class="fusion-builder-row fusion-row"><div class="fusion-layout-column fusion_builder_column fusion-builder-column-0 fusion_builder_column_1_1 1_1 fusion-one-full fusion-column-first fusion-column-last" style="--awb-bg-size:cover;--awb-margin-bottom:0px;"><div class="fusion-column-wrapper fusion-flex-column-wrapper-legacy"><div class="fusion-text fusion-text-1" style="--awb-text-transform:none;"><p><strong>Rolf Madaus Alapítvány díj</strong></p>
<p>Rolf Madaus által alapított díjat az a pályázó kapja meg, aki az elmúlt évben a Bíráló Bizottság döntése alapján a<strong> LEGJOBB NEM MAGYAR NYELVŰ</strong>, a Magyar Gasztroenterológiai Társaság kutatási tevékenységével kapcsolatos témájú közleményt publikálta.<br />
2025-ben megjelent dolgozatokkal lehet pályázni.<br />
A pályázatokat (a megjelent közleményt) <strong>2026. április 4.-ig</strong> lehet a következő címre eljuttatni: <span id="cloak2c880cddee22120fb6d59dae35c4981c">gastroent@gmail.com</span></p>
</div><div class="fusion-clearfix"></div></div></div></div></div>
