{"id":12368,"date":"2019-07-14T20:14:39","date_gmt":"2019-07-14T18:14:39","guid":{"rendered":"http:\/\/mgtiroda.hu\/?page_id=12368"},"modified":"2025-01-07T19:24:39","modified_gmt":"2025-01-07T18:24:39","slug":"kituntetettek-dijazottak","status":"publish","type":"page","link":"https:\/\/mgtiroda.hu\/en\/kituntetettek-dijazottak\/","title":{"rendered":"Kit\u00fcntetettek, d\u00edjazottak"},"content":{"rendered":"<div class=\"fusion-fullwidth fullwidth-box fusion-builder-row-1 nonhundred-percent-fullwidth non-hundred-percent-height-scrolling\" style=\"--awb-border-radius-top-left:0px;--awb-border-radius-top-right:0px;--awb-border-radius-bottom-right:0px;--awb-border-radius-bottom-left:0px;--awb-flex-wrap:wrap;\" ><div class=\"fusion-builder-row fusion-row\"><div class=\"fusion-layout-column fusion_builder_column fusion-builder-column-0 fusion_builder_column_1_1 1_1 fusion-one-full fusion-column-first fusion-column-last\" style=\"--awb-bg-size:cover;--awb-margin-bottom:0px;\"><div class=\"fusion-column-wrapper fusion-flex-column-wrapper-legacy\"><div class=\"fusion-text fusion-text-1\"><p><strong>A MAGYAR GASZTROENTEROL\u00d3GIAI T\u00c1RJAS\u00c1G D\u00cdJAZOTTJAI<\/strong><\/p>\n<ul>\n<li><a href=\"http:\/\/mgtiroda.hu\/en\/kituntetettek-dijazottak\/hetenyi-geza-emlekerem\/\">Het\u00e9nyi G\u00e9za eml\u00e9k\u00e9rem<\/a><\/li>\n<li><a href=\"http:\/\/mgtiroda.hu\/en\/kituntetettek-dijazottak\/tiszteletbeli-tagok\/\">Tiszteletbeli tagok<\/a><\/li>\n<li><a href=\"http:\/\/mgtiroda.hu\/en\/kituntetettek-dijazottak\/magyar-imre-emlekeloadas\/\">Magyar Imre eml\u00e9kel\u0151ad\u00e1s<\/a><\/li>\n<li><a href=\"http:\/\/mgtiroda.hu\/en\/kituntetettek-dijazottak\/pro-optimo-merito-in-gastroenterologia\/\">Pro Optimo Merito in Gastroenterologia<\/a><\/li>\n<li><a href=\"http:\/\/mgtiroda.hu\/en\/kituntetettek-dijazottak\/pro-optimo-merito-in-gastroenterologia-kulfoldi\/\">Pro Optimo Merito in Gastroenterologia (k\u00fclf\u00f6ldi)<\/a><\/li>\n<\/ul>\n<p><strong>A SIMOR P\u00c1L R\u00c1KKUTAT\u00d3 ALAP\u00cdTV\u00c1NY D\u00cdJAZOTTJAI<\/strong><br \/>\n(<em>A d\u00edjak a Magyar Gasztroenterol\u00f3giai T\u00e1rsas\u00e1g Nagygy\u0171l\u00e9sein ker\u00fcltek \u00e1tad\u00e1sra)<\/em><\/p>\n<ul>\n<li><a href=\"https:\/\/mgtiroda.hu\/en\/kituntetettek-dijazottak\/pro-optimo-merito-in-pancroeatico-oncologia-dij\/\">&#8222;Pro optimo merito in pancroeatico-oncologia&#8221; d\u00edj<\/a><\/li>\n<li><a href=\"https:\/\/mgtiroda.hu\/en\/kituntetettek-dijazottak\/pro-optimo-merito-in-pancroeatico-oncologia-ifjusagi-dij\/\">&#8222;Pro optimo merito in pancroeatico-oncologia&#8221; ifj\u00fas\u00e1gi d\u00edj<\/a><\/li>\n<\/ul>\n<\/div><div class=\"fusion-clearfix\"><\/div><\/div><\/div><\/div><\/div>","protected":false},"excerpt":{"rendered":"","protected":false},"author":1,"featured_media":0,"parent":0,"menu_order":0,"comment_status":"closed","ping_status":"closed","template":"","meta":{"footnotes":""},"class_list":["post-12368","page","type-page","status-publish","hentry"],"_links":{"self":[{"href":"https:\/\/mgtiroda.hu\/en\/wp-json\/wp\/v2\/pages\/12368","targetHints":{"allow":["GET"]}}],"collection":[{"href":"https:\/\/mgtiroda.hu\/en\/wp-json\/wp\/v2\/pages"}],"about":[{"href":"https:\/\/mgtiroda.hu\/en\/wp-json\/wp\/v2\/types\/page"}],"author":[{"embeddable":true,"href":"https:\/\/mgtiroda.hu\/en\/wp-json\/wp\/v2\/users\/1"}],"replies":[{"embeddable":true,"href":"https:\/\/mgtiroda.hu\/en\/wp-json\/wp\/v2\/comments?post=12368"}],"version-history":[{"count":1,"href":"https:\/\/mgtiroda.hu\/en\/wp-json\/wp\/v2\/pages\/12368\/revisions"}],"predecessor-version":[{"id":13083,"href":"https:\/\/mgtiroda.hu\/en\/wp-json\/wp\/v2\/pages\/12368\/revisions\/13083"}],"wp:attachment":[{"href":"https:\/\/mgtiroda.hu\/en\/wp-json\/wp\/v2\/media?parent=12368"}],"curies":[{"name":"wp","href":"https:\/\/api.w.org\/{rel}","templated":true}]}}

Kitüntetettek, díjazottak

<div class="fusion-fullwidth fullwidth-box fusion-builder-row-1 nonhundred-percent-fullwidth non-hundred-percent-height-scrolling" style="--awb-border-radius-top-left:0px;--awb-border-radius-top-right:0px;--awb-border-radius-bottom-right:0px;--awb-border-radius-bottom-left:0px;--awb-flex-wrap:wrap;" ><div class="fusion-builder-row fusion-row"><div class="fusion-layout-column fusion_builder_column fusion-builder-column-0 fusion_builder_column_1_1 1_1 fusion-one-full fusion-column-first fusion-column-last" style="--awb-bg-size:cover;--awb-margin-bottom:0px;"><div class="fusion-column-wrapper fusion-flex-column-wrapper-legacy"><div class="fusion-text fusion-text-1"><p><strong>A MAGYAR GASZTROENTEROLÓGIAI TÁRJASÁG DÍJAZOTTJAI</strong></p>
<ul>
<li><a href="http://mgtiroda.hu/en/kituntetettek-dijazottak/hetenyi-geza-emlekerem/">Hetényi Géza emlékérem</a></li>
<li><a href="http://mgtiroda.hu/en/kituntetettek-dijazottak/tiszteletbeli-tagok/">Tiszteletbeli tagok</a></li>
<li><a href="http://mgtiroda.hu/en/kituntetettek-dijazottak/magyar-imre-emlekeloadas/">Magyar Imre emlékelőadás</a></li>
<li><a href="http://mgtiroda.hu/en/kituntetettek-dijazottak/pro-optimo-merito-in-gastroenterologia/">Pro Optimo Merito in Gastroenterologia</a></li>
<li><a href="http://mgtiroda.hu/en/kituntetettek-dijazottak/pro-optimo-merito-in-gastroenterologia-kulfoldi/">Pro Optimo Merito in Gastroenterologia (külföldi)</a></li>
</ul>
<p><strong>A SIMOR PÁL RÁKKUTATÓ ALAPÍTVÁNY DÍJAZOTTJAI</strong><br />
(<em>A díjak a Magyar Gasztroenterológiai Társaság Nagygyűlésein kerültek átadásra)</em></p>
<ul>
<li><a href="https://mgtiroda.hu/en/kituntetettek-dijazottak/pro-optimo-merito-in-pancroeatico-oncologia-dij/">&#8222;Pro optimo merito in pancroeatico-oncologia&#8221; díj</a></li>
<li><a href="https://mgtiroda.hu/en/kituntetettek-dijazottak/pro-optimo-merito-in-pancroeatico-oncologia-ifjusagi-dij/">&#8222;Pro optimo merito in pancroeatico-oncologia&#8221; ifjúsági díj</a></li>
</ul>
</div><div class="fusion-clearfix"></div></div></div></div></div>
