{"id":12387,"date":"2019-07-14T20:39:24","date_gmt":"2019-07-14T18:39:24","guid":{"rendered":"http:\/\/mgtiroda.hu\/?page_id=12387"},"modified":"2025-01-07T20:16:05","modified_gmt":"2025-01-07T19:16:05","slug":"dokumentumok","status":"publish","type":"page","link":"https:\/\/mgtiroda.hu\/en\/dokumentumok\/","title":{"rendered":"Dokumentumokt\u00e1r"},"content":{"rendered":"<div class=\"fusion-fullwidth fullwidth-box fusion-builder-row-1 nonhundred-percent-fullwidth non-hundred-percent-height-scrolling\" style=\"--awb-border-radius-top-left:0px;--awb-border-radius-top-right:0px;--awb-border-radius-bottom-right:0px;--awb-border-radius-bottom-left:0px;--awb-flex-wrap:wrap;\" ><div class=\"fusion-builder-row fusion-row\"><div class=\"fusion-layout-column fusion_builder_column fusion-builder-column-0 fusion_builder_column_1_1 1_1 fusion-one-full fusion-column-first fusion-column-last\" style=\"--awb-bg-size:cover;--awb-margin-bottom:0px;\"><div class=\"fusion-column-wrapper fusion-flex-column-wrapper-legacy\"><div class=\"fusion-text fusion-text-1\"><h2>MGT Jegyz\u0151k\u00f6nyvek<\/h2>\n<ul>\n<li><a href=\"https:\/\/mgtiroda.hu\/wp-content\/uploads\/mgt-vezetosegi-ules-jegyzokonyv-20241121.pdf\" target=\"_blank\" rel=\"noopener\">MGT Vezet\u0151s\u00e9gi \u00dcl\u00e9s jegyz\u0151k\u00f6nyv, Budapest 2024.11.21.<\/a><\/li>\n<li><a href=\"http:\/\/mgtiroda.hu\/wp-content\/uploads\/mgt-vezetosegi-ules-jegyzokonyv-2021-04-21.pdf\" target=\"_blank\" rel=\"noopener\">MGT Vezet\u0151s\u00e9gi \u00dcl\u00e9s jegyz\u0151k\u00f6nyv, Budapest 2021.04.21.<\/a><\/li>\n<li><a href=\"http:\/\/www.gastroenter.hu\/images\/dokumentumok\/mgt-vezetosegi-ules-jegyzokonyv-20190417.pdf\" target=\"_blank\" rel=\"noopener noreferrer\">MGT Vezet\u0151s\u00e9gi \u00dcl\u00e9s jegyz\u0151k\u00f6nyv, Budapest 2019.04.17.<\/a><\/li>\n<li><a href=\"http:\/\/www.gastroenter.hu\/images\/dokumentumok\/mgt-vezetosegi-ules-jegyzokonyv-20181128.pdf\" target=\"_blank\" rel=\"noopener noreferrer\">MGT Vezet\u0151s\u00e9gi \u00dcl\u00e9s jegyz\u0151k\u00f6nyv, Budapest 2018.11.28.<\/a><\/li>\n<li><a href=\"http:\/\/www.gastroenter.hu\/images\/dokumentumok\/mgt-vezetosegi-ules-jegyzokonyv-20180418.pdf\" target=\"_blank\" rel=\"noopener noreferrer\">MGT Vezet\u0151s\u00e9gi \u00dcl\u00e9s jegyz\u0151k\u00f6nyv, Budapest 2018.04.18.<\/a><\/li>\n<li><a href=\"http:\/\/www.gastroenter.hu\/images\/dokumentumok\/mgt-vezetosegi-ules-jegyzokonyv-20170426.pdf\" target=\"_blank\" rel=\"noopener noreferrer\">MGT Vezet\u0151s\u00e9gi \u00dcl\u00e9s jegyz\u0151k\u00f6nyv, Budapest 2017.04.26.<\/a><\/li>\n<li><a href=\"http:\/\/www.gastroenter.hu\/images\/dokumentumok\/mgt-vezetosegi-ules-jegyzokonyv-20161109.pdf\" target=\"_blank\" rel=\"noopener noreferrer\">MGT Vezet\u0151s\u00e9gi \u00dcl\u00e9s jegyz\u0151k\u00f6nyv, Budapest 2016.11.09.<\/a><\/li>\n<li><a href=\"http:\/\/www.gastroenter.hu\/images\/dokumentumok\/mgt-vezetosegi-ules-jegyzokonyv-20150415.pdf\" target=\"_blank\" rel=\"noopener noreferrer\">MGT Vezet\u0151s\u00e9gi \u00dcl\u00e9s jegyz\u0151k\u00f6nyv, Budapest 2015.04.15.<\/a><\/li>\n<\/ul>\n<h2>Tags\u00e1gi dokumentumok<\/h2>\n<ul>\n<li>Adatv\u00e9delmi szab\u00e1lyzat<\/li>\n<li><a href=\"https:\/\/archivum.gastroenter.hu\/szekciok-beszamoloi\/\" target=\"_blank\" rel=\"noopener\">A szekci\u00f3k besz\u00e1mol\u00f3i<\/a><\/li>\n<li><a href=\"https:\/\/archivum.gastroenter.hu\/mgt-ngy-programfuzetek\/\" target=\"_blank\" rel=\"noopener\">A nagygy\u0171l\u00e9sek programf\u00fczetei 2006-t\u00f3l<\/a><\/li>\n<li><a href=\"https:\/\/archivum.gastroenter.hu\/mgt-tortenete-konyv\/\" target=\"_blank\" rel=\"noopener\">&#8222;A Magyar Gasztroenterol\u00f3giai T\u00e1rsas\u00e1g t\u00f6rt\u00e9nete&#8221; kiadv\u00e1nyok<\/a><\/li>\n<\/ul>\n<h2>MGT k\u00f6rlevelek<\/h2>\n<ul>\n<li><a href=\"https:\/\/korlevel.gastroenter.hu\/\" target=\"_blank\" rel=\"noopener\">MGT K\u00f6rlevelek 2016-2022<\/a><\/li>\n<li><a href=\"https:\/\/korlevel.mgtiroda.hu\/\" target=\"_blank\" rel=\"noopener\">MGT K\u00f6rlevelek 2023-t\u00f3l<\/a><\/li>\n<\/ul>\n<h2>P\u00e1ly\u00e1zati anyagok<\/h2>\n<ul>\n<li>J\u00f6v\u0151beni Eln\u00f6ki p\u00e1ly\u00e1zat (2025)<\/li>\n<li>F\u0151titk\u00e1ri p\u00e1ly\u00e1zat (2025)<\/li>\n<li>Gazdas\u00e1gi Titk\u00e1ri p\u00e1ly\u00e1zat (2025)<\/li>\n<\/ul>\n<\/div><div class=\"fusion-clearfix\"><\/div><\/div><\/div><\/div><\/div>","protected":false},"excerpt":{"rendered":"","protected":false},"author":1,"featured_media":0,"parent":0,"menu_order":0,"comment_status":"closed","ping_status":"closed","template":"","meta":{"footnotes":""},"class_list":["post-12387","page","type-page","status-publish","hentry"],"_links":{"self":[{"href":"https:\/\/mgtiroda.hu\/en\/wp-json\/wp\/v2\/pages\/12387","targetHints":{"allow":["GET"]}}],"collection":[{"href":"https:\/\/mgtiroda.hu\/en\/wp-json\/wp\/v2\/pages"}],"about":[{"href":"https:\/\/mgtiroda.hu\/en\/wp-json\/wp\/v2\/types\/page"}],"author":[{"embeddable":true,"href":"https:\/\/mgtiroda.hu\/en\/wp-json\/wp\/v2\/users\/1"}],"replies":[{"embeddable":true,"href":"https:\/\/mgtiroda.hu\/en\/wp-json\/wp\/v2\/comments?post=12387"}],"version-history":[{"count":3,"href":"https:\/\/mgtiroda.hu\/en\/wp-json\/wp\/v2\/pages\/12387\/revisions"}],"predecessor-version":[{"id":13094,"href":"https:\/\/mgtiroda.hu\/en\/wp-json\/wp\/v2\/pages\/12387\/revisions\/13094"}],"wp:attachment":[{"href":"https:\/\/mgtiroda.hu\/en\/wp-json\/wp\/v2\/media?parent=12387"}],"curies":[{"name":"wp","href":"https:\/\/api.w.org\/{rel}","templated":true}]}}

Dokumentumoktár

<div class="fusion-fullwidth fullwidth-box fusion-builder-row-1 nonhundred-percent-fullwidth non-hundred-percent-height-scrolling" style="--awb-border-radius-top-left:0px;--awb-border-radius-top-right:0px;--awb-border-radius-bottom-right:0px;--awb-border-radius-bottom-left:0px;--awb-flex-wrap:wrap;" ><div class="fusion-builder-row fusion-row"><div class="fusion-layout-column fusion_builder_column fusion-builder-column-0 fusion_builder_column_1_1 1_1 fusion-one-full fusion-column-first fusion-column-last" style="--awb-bg-size:cover;--awb-margin-bottom:0px;"><div class="fusion-column-wrapper fusion-flex-column-wrapper-legacy"><div class="fusion-text fusion-text-1"><h2>MGT Jegyzőkönyvek</h2>
<ul>
<li><a href="https://mgtiroda.hu/wp-content/uploads/mgt-vezetosegi-ules-jegyzokonyv-20241121.pdf" target="_blank" rel="noopener">MGT Vezetőségi Ülés jegyzőkönyv, Budapest 2024.11.21.</a></li>
<li><a href="http://mgtiroda.hu/wp-content/uploads/mgt-vezetosegi-ules-jegyzokonyv-2021-04-21.pdf" target="_blank" rel="noopener">MGT Vezetőségi Ülés jegyzőkönyv, Budapest 2021.04.21.</a></li>
<li><a href="http://www.gastroenter.hu/images/dokumentumok/mgt-vezetosegi-ules-jegyzokonyv-20190417.pdf" target="_blank" rel="noopener noreferrer">MGT Vezetőségi Ülés jegyzőkönyv, Budapest 2019.04.17.</a></li>
<li><a href="http://www.gastroenter.hu/images/dokumentumok/mgt-vezetosegi-ules-jegyzokonyv-20181128.pdf" target="_blank" rel="noopener noreferrer">MGT Vezetőségi Ülés jegyzőkönyv, Budapest 2018.11.28.</a></li>
<li><a href="http://www.gastroenter.hu/images/dokumentumok/mgt-vezetosegi-ules-jegyzokonyv-20180418.pdf" target="_blank" rel="noopener noreferrer">MGT Vezetőségi Ülés jegyzőkönyv, Budapest 2018.04.18.</a></li>
<li><a href="http://www.gastroenter.hu/images/dokumentumok/mgt-vezetosegi-ules-jegyzokonyv-20170426.pdf" target="_blank" rel="noopener noreferrer">MGT Vezetőségi Ülés jegyzőkönyv, Budapest 2017.04.26.</a></li>
<li><a href="http://www.gastroenter.hu/images/dokumentumok/mgt-vezetosegi-ules-jegyzokonyv-20161109.pdf" target="_blank" rel="noopener noreferrer">MGT Vezetőségi Ülés jegyzőkönyv, Budapest 2016.11.09.</a></li>
<li><a href="http://www.gastroenter.hu/images/dokumentumok/mgt-vezetosegi-ules-jegyzokonyv-20150415.pdf" target="_blank" rel="noopener noreferrer">MGT Vezetőségi Ülés jegyzőkönyv, Budapest 2015.04.15.</a></li>
</ul>
<h2>Tagsági dokumentumok</h2>
<ul>
<li>Adatvédelmi szabályzat</li>
<li><a href="https://archivum.gastroenter.hu/szekciok-beszamoloi/" target="_blank" rel="noopener">A szekciók beszámolói</a></li>
<li><a href="https://archivum.gastroenter.hu/mgt-ngy-programfuzetek/" target="_blank" rel="noopener">A nagygyűlések programfüzetei 2006-tól</a></li>
<li><a href="https://archivum.gastroenter.hu/mgt-tortenete-konyv/" target="_blank" rel="noopener">&#8222;A Magyar Gasztroenterológiai Társaság története&#8221; kiadványok</a></li>
</ul>
<h2>MGT körlevelek</h2>
<ul>
<li><a href="https://korlevel.gastroenter.hu/" target="_blank" rel="noopener">MGT Körlevelek 2016-2022</a></li>
<li><a href="https://korlevel.mgtiroda.hu/" target="_blank" rel="noopener">MGT Körlevelek 2023-tól</a></li>
</ul>
<h2>Pályázati anyagok</h2>
<ul>
<li>Jövőbeni Elnöki pályázat (2025)</li>
<li>Főtitkári pályázat (2025)</li>
<li>Gazdasági Titkári pályázat (2025)</li>
</ul>
</div><div class="fusion-clearfix"></div></div></div></div></div>
