{"id":13078,"date":"2025-01-07T19:11:34","date_gmt":"2025-01-07T18:11:34","guid":{"rendered":"https:\/\/mgtiroda.hu\/?page_id=13078"},"modified":"2025-01-07T19:11:34","modified_gmt":"2025-01-07T18:11:34","slug":"pro-optimo-merito-in-pancroeatico-oncologia-ifjusagi-dij","status":"publish","type":"page","link":"https:\/\/mgtiroda.hu\/en\/kituntetettek-dijazottak\/pro-optimo-merito-in-pancroeatico-oncologia-ifjusagi-dij\/","title":{"rendered":"Pro Optimo Merito in Pancroeatico-Oncologia Ifj\u00fas\u00e1gi D\u00edj"},"content":{"rendered":"<div class=\"fusion-fullwidth fullwidth-box fusion-builder-row-1 nonhundred-percent-fullwidth non-hundred-percent-height-scrolling\" style=\"--awb-border-radius-top-left:0px;--awb-border-radius-top-right:0px;--awb-border-radius-bottom-right:0px;--awb-border-radius-bottom-left:0px;--awb-flex-wrap:wrap;\" ><div class=\"fusion-builder-row fusion-row\"><div class=\"fusion-layout-column fusion_builder_column fusion-builder-column-0 fusion_builder_column_1_1 1_1 fusion-one-full fusion-column-first fusion-column-last\" style=\"--awb-bg-size:cover;--awb-margin-bottom:0px;\"><div class=\"fusion-column-wrapper fusion-flex-column-wrapper-legacy\"><div class=\"fusion-text fusion-text-1\" style=\"--awb-text-transform:none;\"><p>A SIMOR P\u00c1L R\u00c1KKUTAT\u00d3 ALAP\u00cdTV\u00c1NY &#8222;<strong>PRO OPTIMO MERITO IN PANCREATICO-ONCOLOGIA<\/strong>&#8221; IFJ\u00daS\u00c1GI D\u00cdJ KIT\u00dcNTET\u00c9SBEN A K\u00d6VETKEZ\u0150 SZEM\u00c9LYEKET R\u00c9SZES\u00cdTETTE.<\/p>\n<p><em>A d\u00edjak a Magyar Gasztroenterol\u00f3giai T\u00e1rsas\u00e1g Nagygy\u0171l\u00e9sein ker\u00fcltek \u00e1tad\u00e1sra.<\/em><\/p>\n<p>2005 &#8211; Horv\u00e1th Andrea<br \/>\n2006 &#8211; L\u00f3di Csaba<br \/>\n2007 &#8211; Gy\u0151rffy Bal\u00e1zs<br \/>\n2008 &#8211; Borka Katalin<br \/>\n2009 &#8211; Udvardyn\u00e9 Galamb Orsolya<br \/>\n2010 &#8211; Hal\u00e1sz Judit, Szij\u00e1rt\u00f3 Attila<br \/>\n2011 &#8211; Csupor-L\u00f6ffler Bogl\u00e1rka, Dezs\u0151 Katalin, Spis\u00e1k S\u00e1ndor<br \/>\n2012 &#8211; Korompay Anna<br \/>\n2014 &#8211; \u00d3nody P\u00e9ter Zolt\u00e1n<br \/>\n2015 &#8211; Baghy Korn\u00e9lia, Sz\u00e1sz A. Marcell<br \/>\n2016 &#8211; Leiszter Katalin<br \/>\n2017 &#8211; \u00c1goston Emese Irma, F\u00fcl\u00f6p Andr\u00e1s<br \/>\n2018 &#8211; Kalm\u00e1r Alexandra, Kocsm\u00e1r \u00c9va, Patai \u00c1rp\u00e1d, Schlachter Krisztina<\/p>\n<\/div><div class=\"fusion-clearfix\"><\/div><\/div><\/div><\/div><\/div>","protected":false},"excerpt":{"rendered":"","protected":false},"author":1,"featured_media":0,"parent":12368,"menu_order":0,"comment_status":"closed","ping_status":"closed","template":"","meta":{"footnotes":""},"class_list":["post-13078","page","type-page","status-publish","hentry"],"_links":{"self":[{"href":"https:\/\/mgtiroda.hu\/en\/wp-json\/wp\/v2\/pages\/13078","targetHints":{"allow":["GET"]}}],"collection":[{"href":"https:\/\/mgtiroda.hu\/en\/wp-json\/wp\/v2\/pages"}],"about":[{"href":"https:\/\/mgtiroda.hu\/en\/wp-json\/wp\/v2\/types\/page"}],"author":[{"embeddable":true,"href":"https:\/\/mgtiroda.hu\/en\/wp-json\/wp\/v2\/users\/1"}],"replies":[{"embeddable":true,"href":"https:\/\/mgtiroda.hu\/en\/wp-json\/wp\/v2\/comments?post=13078"}],"version-history":[{"count":2,"href":"https:\/\/mgtiroda.hu\/en\/wp-json\/wp\/v2\/pages\/13078\/revisions"}],"predecessor-version":[{"id":13080,"href":"https:\/\/mgtiroda.hu\/en\/wp-json\/wp\/v2\/pages\/13078\/revisions\/13080"}],"up":[{"embeddable":true,"href":"https:\/\/mgtiroda.hu\/en\/wp-json\/wp\/v2\/pages\/12368"}],"wp:attachment":[{"href":"https:\/\/mgtiroda.hu\/en\/wp-json\/wp\/v2\/media?parent=13078"}],"curies":[{"name":"wp","href":"https:\/\/api.w.org\/{rel}","templated":true}]}}

Pro Optimo Merito in Pancroeatico-Oncologia Ifjúsági Díj

<div class="fusion-fullwidth fullwidth-box fusion-builder-row-1 nonhundred-percent-fullwidth non-hundred-percent-height-scrolling" style="--awb-border-radius-top-left:0px;--awb-border-radius-top-right:0px;--awb-border-radius-bottom-right:0px;--awb-border-radius-bottom-left:0px;--awb-flex-wrap:wrap;" ><div class="fusion-builder-row fusion-row"><div class="fusion-layout-column fusion_builder_column fusion-builder-column-0 fusion_builder_column_1_1 1_1 fusion-one-full fusion-column-first fusion-column-last" style="--awb-bg-size:cover;--awb-margin-bottom:0px;"><div class="fusion-column-wrapper fusion-flex-column-wrapper-legacy"><div class="fusion-text fusion-text-1" style="--awb-text-transform:none;"><p>A SIMOR PÁL RÁKKUTATÓ ALAPÍTVÁNY &#8222;<strong>PRO OPTIMO MERITO IN PANCREATICO-ONCOLOGIA</strong>&#8221; IFJÚSÁGI DÍJ KITÜNTETÉSBEN A KÖVETKEZŐ SZEMÉLYEKET RÉSZESÍTETTE.</p>
<p><em>A díjak a Magyar Gasztroenterológiai Társaság Nagygyűlésein kerültek átadásra.</em></p>
<p>2005 &#8211; Horváth Andrea<br />
2006 &#8211; Lódi Csaba<br />
2007 &#8211; Győrffy Balázs<br />
2008 &#8211; Borka Katalin<br />
2009 &#8211; Udvardyné Galamb Orsolya<br />
2010 &#8211; Halász Judit, Szijártó Attila<br />
2011 &#8211; Csupor-Löffler Boglárka, Dezső Katalin, Spisák Sándor<br />
2012 &#8211; Korompay Anna<br />
2014 &#8211; Ónody Péter Zoltán<br />
2015 &#8211; Baghy Kornélia, Szász A. Marcell<br />
2016 &#8211; Leiszter Katalin<br />
2017 &#8211; Ágoston Emese Irma, Fülöp András<br />
2018 &#8211; Kalmár Alexandra, Kocsmár Éva, Patai Árpád, Schlachter Krisztina</p>
</div><div class="fusion-clearfix"></div></div></div></div></div>
