{"id":13081,"date":"2025-01-07T19:20:00","date_gmt":"2025-01-07T18:20:00","guid":{"rendered":"https:\/\/mgtiroda.hu\/?page_id=13081"},"modified":"2025-01-07T19:20:00","modified_gmt":"2025-01-07T18:20:00","slug":"pro-optimo-merito-in-pancroeatico-oncologia-dij","status":"publish","type":"page","link":"https:\/\/mgtiroda.hu\/en\/kituntetettek-dijazottak\/pro-optimo-merito-in-pancroeatico-oncologia-dij\/","title":{"rendered":"Pro Optimo Merito in Pancroeatico-Oncologia D\u00edj"},"content":{"rendered":"<div class=\"fusion-fullwidth fullwidth-box fusion-builder-row-1 nonhundred-percent-fullwidth non-hundred-percent-height-scrolling\" style=\"--awb-border-radius-top-left:0px;--awb-border-radius-top-right:0px;--awb-border-radius-bottom-right:0px;--awb-border-radius-bottom-left:0px;--awb-flex-wrap:wrap;\" ><div class=\"fusion-builder-row fusion-row\"><div class=\"fusion-layout-column fusion_builder_column fusion-builder-column-0 fusion_builder_column_1_1 1_1 fusion-one-full fusion-column-first fusion-column-last\" style=\"--awb-bg-size:cover;--awb-margin-bottom:0px;\"><div class=\"fusion-column-wrapper fusion-flex-column-wrapper-legacy\"><div class=\"fusion-text fusion-text-1\" style=\"--awb-text-transform:none;\"><p>A SIMOR P\u00c1L R\u00c1KKUTAT\u00d3 ALAP\u00cdTV\u00c1NY &#8222;<strong>PRO OPTIMO MERITO IN PANCREATICO-ONCOLOGIA<\/strong>&#8221; D\u00cdJ KIT\u00dcNTET\u00c9SBEN A K\u00d6VETKEZ\u0150 SZEM\u00c9LYEKET R\u00c9SZES\u00cdTETTE.<\/p>\n<p><em>A d\u00edjak a Magyar Gasztroenterol\u00f3giai T\u00e1rsas\u00e1g Nagygy\u0171l\u00e9sein ker\u00fcltek \u00e1tad\u00e1sra.<\/em><\/p>\n<p>1999 &#8211; Flautner Lajos, Zalatnai G\u00e1bor<br \/>\n2000 &#8211; Faller J\u00f3zsef, Varga G\u00e1bor<br \/>\n2001 &#8211; Bocsi J\u00f3zsef, Kiss J\u00e1nos<br \/>\n2002 &#8211; Pap \u00c1kos, S\u00e1py P\u00e9ter, Tulassay Zsolt<br \/>\n2003 &#8211; Hersz\u00e9nyi L\u00e1szl\u00f3, Balogh \u00c1d\u00e1m, Horv\u00e1th \u00d6rs P\u00e9ter<br \/>\n2004 &#8211; P\u00e9ter M\u00f3zes, Tihanyi Tibor<br \/>\n2005 &#8211; Moln\u00e1r B\u00e9la, Papp J\u00e1nos<br \/>\n2006 &#8211; Kalm\u00e1r Nagy K\u00e1roly, Hars\u00e1nyi L\u00e1szl\u00f3<br \/>\n2007 &#8211; Ol\u00e1h Attila<br \/>\n2008 &#8211; Farkas Gyula, Bodoky Gy\u00f6rgy<br \/>\n2009 &#8211; Langer R\u00f3bert, Kelemen Dezs\u0151<br \/>\n2010 &#8211; Simon K\u00e1roly<br \/>\n2011 &#8211; Szalay Ferenc<br \/>\n2012 &#8211; Jakab Ferenc, Nagy P\u00e9ter<br \/>\n2013 &#8211; Bezsilla J\u00e1nos, Gy\u0151rffy Bal\u00e1zs<br \/>\n2014 &#8211; Kupcsulik P\u00e9ter<br \/>\n2015 &#8211; Hegyi P\u00e9ter<br \/>\n2016 &#8211; Czak\u00f3 L\u00e1szl\u00f3, Sipos Ferenc<br \/>\n2017 &#8211; Papp M\u00e1ria<br \/>\n2018 &#8211;<em> (nem ker\u00fclt kiad\u00e1sra)<\/em><\/p>\n<\/div><div class=\"fusion-clearfix\"><\/div><\/div><\/div><\/div><\/div>","protected":false},"excerpt":{"rendered":"","protected":false},"author":1,"featured_media":0,"parent":12368,"menu_order":0,"comment_status":"closed","ping_status":"closed","template":"","meta":{"footnotes":""},"class_list":["post-13081","page","type-page","status-publish","hentry"],"_links":{"self":[{"href":"https:\/\/mgtiroda.hu\/en\/wp-json\/wp\/v2\/pages\/13081","targetHints":{"allow":["GET"]}}],"collection":[{"href":"https:\/\/mgtiroda.hu\/en\/wp-json\/wp\/v2\/pages"}],"about":[{"href":"https:\/\/mgtiroda.hu\/en\/wp-json\/wp\/v2\/types\/page"}],"author":[{"embeddable":true,"href":"https:\/\/mgtiroda.hu\/en\/wp-json\/wp\/v2\/users\/1"}],"replies":[{"embeddable":true,"href":"https:\/\/mgtiroda.hu\/en\/wp-json\/wp\/v2\/comments?post=13081"}],"version-history":[{"count":1,"href":"https:\/\/mgtiroda.hu\/en\/wp-json\/wp\/v2\/pages\/13081\/revisions"}],"predecessor-version":[{"id":13082,"href":"https:\/\/mgtiroda.hu\/en\/wp-json\/wp\/v2\/pages\/13081\/revisions\/13082"}],"up":[{"embeddable":true,"href":"https:\/\/mgtiroda.hu\/en\/wp-json\/wp\/v2\/pages\/12368"}],"wp:attachment":[{"href":"https:\/\/mgtiroda.hu\/en\/wp-json\/wp\/v2\/media?parent=13081"}],"curies":[{"name":"wp","href":"https:\/\/api.w.org\/{rel}","templated":true}]}}

Pro Optimo Merito in Pancroeatico-Oncologia Díj

<div class="fusion-fullwidth fullwidth-box fusion-builder-row-1 nonhundred-percent-fullwidth non-hundred-percent-height-scrolling" style="--awb-border-radius-top-left:0px;--awb-border-radius-top-right:0px;--awb-border-radius-bottom-right:0px;--awb-border-radius-bottom-left:0px;--awb-flex-wrap:wrap;" ><div class="fusion-builder-row fusion-row"><div class="fusion-layout-column fusion_builder_column fusion-builder-column-0 fusion_builder_column_1_1 1_1 fusion-one-full fusion-column-first fusion-column-last" style="--awb-bg-size:cover;--awb-margin-bottom:0px;"><div class="fusion-column-wrapper fusion-flex-column-wrapper-legacy"><div class="fusion-text fusion-text-1" style="--awb-text-transform:none;"><p>A SIMOR PÁL RÁKKUTATÓ ALAPÍTVÁNY &#8222;<strong>PRO OPTIMO MERITO IN PANCREATICO-ONCOLOGIA</strong>&#8221; DÍJ KITÜNTETÉSBEN A KÖVETKEZŐ SZEMÉLYEKET RÉSZESÍTETTE.</p>
<p><em>A díjak a Magyar Gasztroenterológiai Társaság Nagygyűlésein kerültek átadásra.</em></p>
<p>1999 &#8211; Flautner Lajos, Zalatnai Gábor<br />
2000 &#8211; Faller József, Varga Gábor<br />
2001 &#8211; Bocsi József, Kiss János<br />
2002 &#8211; Pap Ákos, Sápy Péter, Tulassay Zsolt<br />
2003 &#8211; Herszényi László, Balogh Ádám, Horváth Örs Péter<br />
2004 &#8211; Péter Mózes, Tihanyi Tibor<br />
2005 &#8211; Molnár Béla, Papp János<br />
2006 &#8211; Kalmár Nagy Károly, Harsányi László<br />
2007 &#8211; Oláh Attila<br />
2008 &#8211; Farkas Gyula, Bodoky György<br />
2009 &#8211; Langer Róbert, Kelemen Dezső<br />
2010 &#8211; Simon Károly<br />
2011 &#8211; Szalay Ferenc<br />
2012 &#8211; Jakab Ferenc, Nagy Péter<br />
2013 &#8211; Bezsilla János, Győrffy Balázs<br />
2014 &#8211; Kupcsulik Péter<br />
2015 &#8211; Hegyi Péter<br />
2016 &#8211; Czakó László, Sipos Ferenc<br />
2017 &#8211; Papp Mária<br />
2018 &#8211;<em> (nem került kiadásra)</em></p>
</div><div class="fusion-clearfix"></div></div></div></div></div>
