{"id":13143,"date":"2025-06-04T16:59:11","date_gmt":"2025-06-04T14:59:11","guid":{"rendered":"https:\/\/mgtiroda.hu\/?page_id=13143"},"modified":"2025-06-04T16:59:26","modified_gmt":"2025-06-04T14:59:26","slug":"palyazati-kiiras-mgt-elnoksegi-poziciokra","status":"publish","type":"page","link":"https:\/\/mgtiroda.hu\/en\/palyazatok\/palyazati-kiiras-mgt-elnoksegi-poziciokra\/","title":{"rendered":"P\u00e1ly\u00e1zati ki\u00edr\u00e1s MGT eln\u00f6ks\u00e9gi poz\u00edci\u00f3kra"},"content":{"rendered":"<div class=\"fusion-fullwidth fullwidth-box fusion-builder-row-1 nonhundred-percent-fullwidth non-hundred-percent-height-scrolling\" style=\"--awb-border-radius-top-left:0px;--awb-border-radius-top-right:0px;--awb-border-radius-bottom-right:0px;--awb-border-radius-bottom-left:0px;--awb-flex-wrap:wrap;\" ><div class=\"fusion-builder-row fusion-row\"><div class=\"fusion-layout-column fusion_builder_column fusion-builder-column-0 fusion_builder_column_1_1 1_1 fusion-one-full fusion-column-first fusion-column-last\" style=\"--awb-bg-size:cover;--awb-margin-bottom:0px;\"><div class=\"fusion-column-wrapper fusion-flex-column-wrapper-legacy\"><div class=\"fusion-text fusion-text-1\" style=\"--awb-text-transform:none;\"><p style=\"font-weight: 400;\"><strong>Tisztelt MGT Tag!<\/strong><strong>\u00a0<\/strong><\/p>\n<p style=\"font-weight: 400;\">Az MGT 67. Nagygy\u0171l\u00e9sen tiszt\u00faj\u00edt\u00f3 k\u00f6zgy\u0171l\u00e9s lesz.<br \/>\nId\u0151pont: 2025.06.13. 18.00<br \/>\nHelysz\u00edn: Hotel Az\u00far, Si\u00f3fok<br \/>\nAz MGT Alapszab\u00e1lya szerint a K\u00f6zgy\u0171l\u00e9s v\u00e1lasztja meg az \u00faj Vezet\u0151s\u00e9get, az \u00faj Vezet\u0151s\u00e9g pedig szavaz az \u00faj Eln\u00f6ks\u00e9g tagjaira.<br \/>\nA lek\u00f6sz\u00f6n\u0151 \u00e9s a hivatalba l\u00e9p\u0151 eln\u00f6k szem\u00e9lye adott.<br \/>\nA leend\u0151 eln\u00f6ki, a f\u0151titk\u00e1ri \u00e9s a gazdas\u00e1gi titk\u00e1ri poz\u00edci\u00f3kra p\u00e1ly\u00e1zni kell.<br \/>\nA p\u00e1ly\u00e1zatokat a\u00a0gastroent@gmail.com\u00a0email c\u00edmre v\u00e1rjuk.<br \/>\n<strong>Bek\u00fcld\u00e9si hat\u00e1rid\u0151:<\/strong>\u00a0<strong>2025. 06. 10.<br \/>\n<\/strong>A be\u00e9rkezett p\u00e1ly\u00e1zatokat folyamatosan t\u00f6ltj\u00fck fel a t\u00e1rsas\u00e1g honlapj\u00e1ra, melyek az al\u00e1bbi linken tekinthet\u0151k meg.<br \/>\n<a href=\"https:\/\/jeloles2025.mgtiroda.hu\/palyazatok\/\">https:\/\/jeloles2025.mgtiroda.hu\/palyazatok\/<\/a><\/p>\n<p style=\"font-weight: 400;\">Permanent Office of the HSG<\/p>\n<\/div><div class=\"fusion-clearfix\"><\/div><\/div><\/div><\/div><\/div>","protected":false},"excerpt":{"rendered":"","protected":false},"author":1,"featured_media":0,"parent":12345,"menu_order":0,"comment_status":"closed","ping_status":"closed","template":"","meta":{"footnotes":""},"class_list":["post-13143","page","type-page","status-publish","hentry"],"_links":{"self":[{"href":"https:\/\/mgtiroda.hu\/en\/wp-json\/wp\/v2\/pages\/13143","targetHints":{"allow":["GET"]}}],"collection":[{"href":"https:\/\/mgtiroda.hu\/en\/wp-json\/wp\/v2\/pages"}],"about":[{"href":"https:\/\/mgtiroda.hu\/en\/wp-json\/wp\/v2\/types\/page"}],"author":[{"embeddable":true,"href":"https:\/\/mgtiroda.hu\/en\/wp-json\/wp\/v2\/users\/1"}],"replies":[{"embeddable":true,"href":"https:\/\/mgtiroda.hu\/en\/wp-json\/wp\/v2\/comments?post=13143"}],"version-history":[{"count":1,"href":"https:\/\/mgtiroda.hu\/en\/wp-json\/wp\/v2\/pages\/13143\/revisions"}],"predecessor-version":[{"id":13144,"href":"https:\/\/mgtiroda.hu\/en\/wp-json\/wp\/v2\/pages\/13143\/revisions\/13144"}],"up":[{"embeddable":true,"href":"https:\/\/mgtiroda.hu\/en\/wp-json\/wp\/v2\/pages\/12345"}],"wp:attachment":[{"href":"https:\/\/mgtiroda.hu\/en\/wp-json\/wp\/v2\/media?parent=13143"}],"curies":[{"name":"wp","href":"https:\/\/api.w.org\/{rel}","templated":true}]}}

Pályázati kiírás MGT elnökségi pozíciókra

<div class="fusion-fullwidth fullwidth-box fusion-builder-row-1 nonhundred-percent-fullwidth non-hundred-percent-height-scrolling" style="--awb-border-radius-top-left:0px;--awb-border-radius-top-right:0px;--awb-border-radius-bottom-right:0px;--awb-border-radius-bottom-left:0px;--awb-flex-wrap:wrap;" ><div class="fusion-builder-row fusion-row"><div class="fusion-layout-column fusion_builder_column fusion-builder-column-0 fusion_builder_column_1_1 1_1 fusion-one-full fusion-column-first fusion-column-last" style="--awb-bg-size:cover;--awb-margin-bottom:0px;"><div class="fusion-column-wrapper fusion-flex-column-wrapper-legacy"><div class="fusion-text fusion-text-1" style="--awb-text-transform:none;"><p style="font-weight: 400;"><strong>Tisztelt MGT Tag!</strong><strong> </strong></p>
<p style="font-weight: 400;">Az MGT 67. Nagygyűlésen tisztújító közgyűlés lesz.<br />
Időpont: 2025.06.13. 18.00<br />
Helyszín: Hotel Azúr, Siófok<br />
Az MGT Alapszabálya szerint a Közgyűlés választja meg az új Vezetőséget, az új Vezetőség pedig szavaz az új Elnökség tagjaira.<br />
A leköszönő és a hivatalba lépő elnök személye adott.<br />
A leendő elnöki, a főtitkári és a gazdasági titkári pozíciókra pályázni kell.<br />
A pályázatokat a gastroent@gmail.com email címre várjuk.<br />
<strong>Beküldési határidő:</strong> <strong>2025. 06. 10.<br />
</strong>A beérkezett pályázatokat folyamatosan töltjük fel a társaság honlapjára, melyek az alábbi linken tekinthetők meg.<br />
<a href="https://jeloles2025.mgtiroda.hu/palyazatok/">https://jeloles2025.mgtiroda.hu/palyazatok/</a></p>
<p style="font-weight: 400;">Permanent Office of the HSG</p>
</div><div class="fusion-clearfix"></div></div></div></div></div>
