{"id":12540,"date":"2020-01-15T16:07:16","date_gmt":"2020-01-15T15:07:16","guid":{"rendered":"http:\/\/mgtiroda.hu\/?post_type=tribe_events&#038;p=12540"},"modified":"2020-01-15T16:22:54","modified_gmt":"2020-01-15T15:22:54","slug":"az-mgt-colon-szekcio-2020-evi-tudomanyos-ulese","status":"publish","type":"tribe_events","link":"https:\/\/mgtiroda.hu\/en\/rendezveny\/az-mgt-colon-szekcio-2020-evi-tudomanyos-ulese\/","title":{"rendered":"Az MGT Colon Szekci\u00f3 2020. \u00c9vi Tudom\u00e1nyos \u00dcl\u00e9se"},"content":{"rendered":"<h2>A Magyar Gasztroenterol\u00f3giai T\u00e1rsas\u00e1g Colon Szekci\u00f3 2020. \u00c9vi Tudom\u00e1nyos \u00dcl\u00e9se<br \/>\n\u00e9s<br \/>\na Semmelweis Egyetem \u00c1ltal\u00e1nos Orvostudom\u00e1nyi Kar I. sz. Seb\u00e9szeti Klinika Tov\u00e1bbk\u00e9pz\u0151 Tanfolyama<\/h2>\n<p>Id\u0151pont: 2020. m\u00e1rcius 6-7.<\/p>\n<p>Absztrakt bek\u00fcld\u00e9si hat\u00e1rid\u0151: 2020. janu\u00e1r 15.<\/p>\n<p>Kedvezm\u00e9nyes regisztr\u00e1ci\u00f3 hat\u00e1rideje: 2020 febru\u00e1r 1.<\/p>\n<p>R\u00e9szletes inform\u00e1ci\u00f3:<a href=\"http:\/\/colon2020.timelessevent.hu\/\" target=\"_blank\" rel=\"noopener noreferrer\"> http:\/\/colon2020.timelessevent.hu\/<\/a><\/p>\n<p style=\"text-align: justify;\"><strong>\u00dajsz\u00e1szy L\u00e1szl\u00f3 d\u00edj felh\u00edv\u00e1s<\/strong>: A Magyar B\u00e9lbetegek\u00e9rt Alap\u00edtv\u00e1ny kurat\u00f3riuma a kor\u00e1bbi \u00e9vekhez hasonl\u00f3an meghirdeti az \u00dajsz\u00e1szy L\u00e1szl\u00f3 d\u00edjat. Az elismer\u00e9st az MGT Colon Szekci\u00f3 2020. \u00e9vi Tudom\u00e1nyos \u00dcl\u00e9s\u00e9n elhangzott, az \u00fcl\u00e9seln\u00f6k\u00f6k szavazatai alapj\u00e1n a legjobbnak \u00e9rt\u00e9kelt szabadon bejelentett el\u0151ad\u00e1s\u00e9rt aj\u00e1nlja fel. A d\u00edjazott a Colon Szekci\u00f3 2021. \u00e9vi Tudom\u00e1nyos \u00dcl\u00e9sre tejes k\u00f6r\u0171 r\u00e9szv\u00e9teli lehet\u0151s\u00e9get kap.<\/p>","protected":false},"excerpt":{"rendered":"<p>A Magyar Gasztroenterol\u00f3giai T\u00e1rsas\u00e1g Colon Szekci\u00f3 2020. \u00c9vi Tudom\u00e1nyos \u00dcl\u00e9se \u00e9s a Semmelweis Egyetem \u00c1ltal\u00e1nos Orvostudom\u00e1nyi Kar I. sz. Seb\u00e9szeti Klinika Tov\u00e1bbk\u00e9pz\u0151 Tanfolyama Id\u0151pont: 2020. <a href=\"https:\/\/mgtiroda.hu\/en\/rendezveny\/az-mgt-colon-szekcio-2020-evi-tudomanyos-ulese\/\"> [&#8230;]<\/a><\/p>\n","protected":false},"author":1,"featured_media":0,"template":"","meta":{"_tribe_events_status":"","_tribe_events_status_reason":"","footnotes":""},"tags":[],"tribe_events_cat":[43],"class_list":["post-12540","tribe_events","type-tribe_events","status-publish","hentry","tribe_events_cat-mgt-szekcio-rendezvenyek","cat_mgt-szekcio-rendezvenyek"],"_links":{"self":[{"href":"https:\/\/mgtiroda.hu\/en\/wp-json\/wp\/v2\/tribe_events\/12540","targetHints":{"allow":["GET"]}}],"collection":[{"href":"https:\/\/mgtiroda.hu\/en\/wp-json\/wp\/v2\/tribe_events"}],"about":[{"href":"https:\/\/mgtiroda.hu\/en\/wp-json\/wp\/v2\/types\/tribe_events"}],"author":[{"embeddable":true,"href":"https:\/\/mgtiroda.hu\/en\/wp-json\/wp\/v2\/users\/1"}],"version-history":[{"count":0,"href":"https:\/\/mgtiroda.hu\/en\/wp-json\/wp\/v2\/tribe_events\/12540\/revisions"}],"wp:attachment":[{"href":"https:\/\/mgtiroda.hu\/en\/wp-json\/wp\/v2\/media?parent=12540"}],"wp:term":[{"taxonomy":"post_tag","embeddable":true,"href":"https:\/\/mgtiroda.hu\/en\/wp-json\/wp\/v2\/tags?post=12540"},{"taxonomy":"tribe_events_cat","embeddable":true,"href":"https:\/\/mgtiroda.hu\/en\/wp-json\/wp\/v2\/tribe_events_cat?post=12540"}],"curies":[{"name":"wp","href":"https:\/\/api.w.org\/{rel}","templated":true}]}}

Az MGT Colon Szekció 2020. Évi Tudományos Ülése

<h2>A Magyar Gasztroenterológiai Társaság Colon Szekció 2020. Évi Tudományos Ülése<br />
és<br />
a Semmelweis Egyetem Általános Orvostudományi Kar I. sz. Sebészeti Klinika Továbbképző Tanfolyama</h2>
<p>Időpont: 2020. március 6-7.</p>
<p>Absztrakt beküldési határidő: 2020. január 15.</p>
<p>Kedvezményes regisztráció határideje: 2020 február 1.</p>
<p>Részletes információ:<a href="http://colon2020.timelessevent.hu/" target="_blank" rel="noopener noreferrer"> http://colon2020.timelessevent.hu/</a></p>
<p style="text-align: justify;"><strong>Újszászy László díj felhívás</strong>: A Magyar Bélbetegekért Alapítvány kuratóriuma a korábbi évekhez hasonlóan meghirdeti az Újszászy László díjat. Az elismerést az MGT Colon Szekció 2020. évi Tudományos Ülésén elhangzott, az üléselnökök szavazatai alapján a legjobbnak értékelt szabadon bejelentett előadásért ajánlja fel. A díjazott a Colon Szekció 2021. évi Tudományos Ülésre tejes körű részvételi lehetőséget kap.</p>

<p>A Magyar Gasztroenterológiai Társaság Colon Szekció 2020. Évi Tudományos Ülése és a Semmelweis Egyetem Általános Orvostudományi Kar I. sz. Sebészeti Klinika Továbbképző Tanfolyama Időpont: 2020. <a href="https://mgtiroda.hu/en/rendezveny/az-mgt-colon-szekcio-2020-evi-tudomanyos-ulese/"> [&#8230;]</a></p>
